867674?
7
What is the millions digit of 5347764734?
7
What is the thousands digit of 78245932?
5
What is the ten thousands digit of 34989210?
8
What is the hundreds digit of 17346023?
0
What is the ten millions digit of 57736479?
5
What is the tens digit of 64291425?
2
What is the thousands digit of 116200428?
0
What is the hundreds digit of 15518670?
6
What is the tens digit of 906624061?
6
What is the ten millions digit of 459435513?
5
What is the ten millions digit of 39663725?
3
What is the tens digit of 47911791?
9
What is the thousands digit of 8429594459?
4
What is the tens digit of 773496928?
2
What is the units digit of 673800699?
9
What is the tens digit of 10835248?
4
What is the hundred thousands digit of 1539953?
5
What is the millions digit of 59368847?
9
What is the ten millions digit of 105674200?
0
What is the units digit of 1591128892?
2
What is the tens digit of 74863867?
6
What is the ten thousands digit of 8967394?
6
What is the thousands digit of 81471680?
1
What is the millions digit of 718348227?
8
What is the hundreds digit of 301300479?
4
What is the thousands digit of 1524567850?
7
What is the thousands digit of 827537650?
7
What is the billions digit of 1034282472?
1
What is the hundreds digit of 218604170?
1
What is the tens digit of 2043581307?
0
What is the hundred millions digit of 630295065?
6
What is the thousands digit of 567157664?
7
What is the units digit of 5782957797?
7
What is the units digit of 51003211?
1
What is the hundred millions digit of 4698421188?
6
What is the ten thousands digit of 121831131?
3
What is the hundred thousands digit of 3460382543?
3
What is the ten thousands digit of 25932273?
3
What is the ten millions digit of 11970750?
1
What is the tens digit of 802008181?
8
What is the hundreds digit of 213923503?
5
What is the ten millions digit of 516200928?
1
What is the ten millions digit of 292748910?
9
What is the hundred thousands digit of 2004109168?
1
What is the hundred thousands digit of 827680157?
6
What is the ten thousands digit of 266036334?
3
What is the millions digit of 29997060?
9
What is the thousands digit of 456126267?
6
What is the ten millions digit of 194030987?
9
What is the tens digit of 19872958?
5
What is the hundred millions digit of 2074003973?
0
What is the ten millions digit of 182848983?
8
What is the hundred thousands digit of 771980707?
9
What is the millions digit of 292665240?
2
What is the hundred millions digit of 1740976430?
7
What is the ten thousands digit of 243907881?
0
What is the units digit of 656371358?
8
What is the hundred thousands digit of 457952483?
9
What is the hundred thousands digit of 6052256?
0
What is the ten thousands digit of 397025530?
2
What is the units digit of 541697924?
4
What is the ten millions digit of 1117374712?
1
What is the ten thousands digit of 162027050?
2
What is the ten thousands digit of 957347028?
4
What is the tens digit of 334176636?
3
What is the ten millions digit of 70130299?
7
What is the hundred millions digit of 113374625?
1
What is the hundred thousands digit of 201952819?
9
What is the hundreds digit of 581578612?
6
What is the ten millions digit of 38643969?
3
What is the tens digit of 46115912?
1
What is the tens digit of 27605487?
8
What is the hundreds digit of 1414629528?
5
What is the units digit of 129368730?
0
What is the ten thousands digit of 8231039165?
3
What is the ten thousands digit of 2317877?
1
What is the ten thousands digit of 280131427?
3
What is the ten millions digit of 16024081?
1
What is the units digit of 28227545?
5
What is the tens digit of 216530445?
4
What is the hundreds digit of 225144962?
9
What is the hundreds digit of 115635324?
3
What is the millions digit of 8002840790?
2
What is the ten millions digit of 91588723?
9
What is the thousands digit of 19139778?
9
What is the thousands digit of 1279609311?
9
What is the thousands digit of 97348970?
8
What is the ten thousands digit of 6458663149?
6
What is the hundred thousands digit of 115462205?
4
What is the tens digit of 642640832?
3
What is the hundred millions digit of 141019435?
1
What is the thousands digit of 600704817?
4
What is the thousands digit of 563853391?
3
What is the ten thousands digit of 3170412764?
1
What is the ten thousands digit of 6080990981?
9
What is the billions digit of 1753913892?
1
What is the thousands digit of 42609368?
9
What is the millions digit of 126729070?
6
What is the hundred thousands digit of 3027654953?
6
What is the ten thousands digit of 36255652?
5
What is the millions digit of 19538078?
9
What is the thousands digit of 14840381?
0
What is the thousands digit of 52741188?
1
What is the hundreds digit of 1506749703?
7
What is the thousands digit of 1797877549?
7
What is the units digit of 124590697?
7
What is the hundred thousands digit of 8780211?
7
What is the millions digit of 1217308682?
7
What is the millions digit of 839104996?
9
What is the millions digit of 4156745121?
6
What is the ten millions digit of 207497607?
0
What is the hundred thousands digit of 81202438?
2
What is the millions digit of 405951397?
5
What is the thousands digit of 218414946?
4
What is the units digit of 141774573?
3
What is the units digit of 60217390?
0
What is the ten millions digit of 202297146?
0
What is the units digit of 4162131?
1
What is the millions digit of 3714326710?
4
What is the units digit of 1225749655?
5
What is the billions digit of 1246536673?
1
What is the millions digit of 60109025?
0
What is the millions digit of 196449518?
6
What is the hundreds digit of 37207323?
3
What is the units digit of 8465866083?
3
What is the hundred thousands digit of 7456612778?
6
What is the hundred thousands digit of 343953508?
9
What is the billions digit of 2333918552?
2
What is the hundred thousands digit of 154526826?
5
What is the hundred millions digit of 2311957501?
3
What is the units digit of 2581103689?
9
What is the thousands digit of 754244890?
4
What is the ten millions digit of 588538316?
8
What is the hundreds digit of 4289621497?
4
What is the ten millions digit of 7677555353?
7
What is the hundreds digit of 12063951?
9
What is the units digit of 868989010?
0
What is the thousands digit of 1193279305?
9
What is the ten thousands digit of 566225301?
2
What is the ten millions digit of 1818003791?
1
What is the ten thousands digit of 150838234?
3
What is the units digit of 1021469497?
7
What is the millions digit of 585906921?
5
What is the millions digit of 305154452?
5
What is the thousands digit of 2430024?
0
What is the millions digit of 255950250?
5
What is the millions digit of 615943443?
5
What is the millions digit of 499648035?
9
What is the hundreds digit of 1432978076?
0
What is the thousands digit of 3548389?
8
What is the ten thousands digit of 2761557230?
5
What is the hundreds digit of 75230300?
3
What is the thousands digit of 26663943?
3
What is the ten millions digit of 117353764?
1
What is the ten thousands digit of 778142685?
4
What is the ten millions digit of 5681353064?
8
What is the ten millions digit of 2339873156?
3
What is the hundreds digit of 9076720?
7
What is the hundred millions digit of 460145722?
4
What is the thousands digit of 2062160?
2
What is the hundreds digit of 434299134?
1
What is the ten thousands digit of 224345229?
4
What is the hundred thousands digit of 1729850266?
8
What is the units digit of 58406314?
4
What is the hundred millions digit of 5207059810?
2
What is the ten millions digit of 80489074?
8
What is the tens digit of 15832767?
6
What is the millions digit of 24373240?
4
What is the ten thousands digit of 18749841?
4
What is the hundreds digit of 331216242?
2
What is the tens digit of 43517971?
7
What is the units digit of 54853046?
6
What is the hundred thousands digit of 99013118?
0
What is the hundred thousands digit of 172734187?
7
What is the hundreds digit of 1321985561?
5
What is the tens digit of 1235098568?
6
What is the units digit of 1053462375?
5
What is the tens digit of 244143114?
1
What is the hundred thousands digit of 5634083681?
0
What is the millions digit of 39410837?
9
What is the hundreds digit of 43965688?
6
What is the ten thousands digit of 23020063?
2
What is the millions digit of 726119